 d = -0*d - 3. Let j(l) = l**3 + 2*l**2 - 3. Calculate j(d).
-12
Let c(d) = -4 - 2 - 2*d + 3*d + 5. What is c(-5)?
-6
Let f(a) = 0 - 22*a + 22*a + a**2 - 15. Calculate f(0).
-15
Suppose 0 = -4*r - 2*w - 30, -4*r - 6 = -5*r + 4*w. Let u(p) = p**2 + 5*p - 6. Determine u(r).
0
Let j(l) = l + 8. Let i(u) = -u**3 + 4*u**2 + 3*u + 7. Let w be i(5). What is j(w)?
5
Let a(v) = 8 + 0 - v - 2*v + 2*v. Calculate a(6).
2
Let r(z) = -3*z - 2. Let q be r(-2). Let p(c) = -5 - c - c + q*c. Let w be ((-3)/9)/(2/(-30)). What is p(w)?
5
Let z(v) = v**3 - 9*v**2 + 4*v - 1. Let g(k) = k**3 - 10*k**2 + 4*k - 1. Let l(c) = 5*g(c) - 6*z(c). Determine l(3).
-2
Let h(n) be the first derivative of n**3/3 - 5*n**2/2 - 8*n + 67. Let m(k) = k**2 - k + 6. Let p = -2 - -2. Let r be m(p). Give h(r).
-2
Suppose -4 = -b - 3, -4*a = 4*b - 44. Let q be -1 - a/(-2) - -2. Let j(i) = -i - 4. Calculate j(q).
-10
Let o(t) be the second derivative of t**5/20 + t**4/6 + t**3/2 + t. Suppose 0 = -7*c + 3*c + 24. Suppose -2*m = m + c. Give o(m).
-6
Let n(x) = x**2 + 7*x + 4. Let s be n(-7). Let b(m) be the third derivative of -m**6/120 + m**5/12 - m**4/12 + m**2. Determine b(s).
8
Let k(l) = -3*l**3 - 5*l**2 - 5*l + 1. Let s(y) = 10*y**3 + 16*y**2 + 16*y - 4. Let j(b) = -7*k(b) - 2*s(b). Suppose -4*f = 10 - 2. Give j(f).
-1
Let r(f) = -3 + 3 + 2 + 4*f + 2. What is r(-3)?
-8
Let p(u) = 3*u + 3. Let b(m) = -1. Let s(y) = -2*b(y) - p(y). Calculate s(-2).
5
Let f(w) = w**2 + 3*w - 4. Let n be f(-4). Let m(j) = -6*j - 15. Let z(b) = 5*b + 14. Let g(u) = -6*m(u) - 7*z(u). Calculate g(n).
-8
Let o(k) = -k**2 - 4*k - 2. Let u = -8 - -17. Let n be (1 - -4)/((-2)/4). Let b be (-6)/u + n/3. Determine o(b).
-2
Let x be 1/((-5 + 9)/(-8)). Let v(t) = t**3 + 3*t**2 - 1. Give v(x).
3
Let t(j) be the second derivative of j**3/3 - 5*j**2/2 + 9*j. Calculate t(5).
5
Let l(p) = -4*p**3 - 5*p**2 + 4*p + 3. Let t(u) = 3*u**3 + 5*u**2 - 4*u - 2. Let j(g) = 4*l(g) + 5*t(g). Give j(4).
2
Let t(x) = x**2 - 3*x - 7. Let k(q) = q**3 - 2*q**2 - 2*q. Let p be k(-1). Let l be p*(-6)/(12/10). Determine t(l).
3
Let w(n) = n**3 + n**2 - n + 5. Suppose -17 = -3*c - 5*l + 3*l, c - 4*l + 13 = 0. Suppose 2*a - c*t + 3 = 0, -2*t = -0*t - 2. Determine w(a).
5
Let q(d) be the third derivative of d**6/120 - d**5/30 - d**4/12 - d**3/3 - 8*d**2. Calculate q(3).
1
Let k = 6 - 8. Let s(g) = -g. Let h(q) = q**2 + 10*q - 1. Let m(x) = h(x) + 6*s(x). Determine m(k).
-5
Let b(t) = t**3 - 3*t**2 - 2*t + 1. Suppose 3*x - x - 4 = 0. Suppose -5 = -w, x*k + 3*k = 4*w - 5. Suppose -15 = k*f, 2*s - f = 4 + 7. Give b(s).
-5
Let j(u) = -14*u**3 - 2*u**2 + 17*u + 12. Let i(q) = 5*q**3 + q**2 - 6*q - 4. Let r(v) = -17*i(v) - 6*j(v). Give r(-5).
-4
Let o(p) be the second derivative of -5*p**4/6 + 5*p**3/6 + 5*p**2/2 + p. Let w(m) = 7*m**2 - 3*m - 3. Let n(y) = 5*o(y) + 7*w(y). Determine n(5).
-1
Suppose k - 3*k + 2 = 0. Let a = 10 + -10. Let q(f) = -4*f**3 + 1 - 2*f + f**2 - f**2 + a. What is q(k)?
-5
Let i(q) be the third derivative of 3*q**2 + 0*q**5 + 1/60*q**6 + 0*q + 0 - 1/24*q**4 + 1/6*q**3. Let z be (-1)/1 + 1 + 1. Give i(z).
2
Let n(b) = -b - 35. Let w be n(-25). Let s(x) = x**3 + 10*x**2 + 2*x + 11. Determine s(w).
-9
Suppose -2*p = 4*b - 2, 2*p - 3*b = -4 - 1. Let t(q) be the first derivative of -2*q**2 - q + 1. Calculate t(p).
3
Let o(g) = g**2 + 7*g + 6. Let j(w) = 3*w - 1. Let v be j(1). Suppose -v*h + 17 + 1 = f, h + 2*f - 6 = 0. Let l = 6 - h. Determine o(l).
-6
Let f be (10/(-4))/((-4)/(-8)). Let o(b) = -b**3 - 5*b**2 + 1. Determine o(f).
1
Suppose 16 = b - 5*b. Let n(j) be the third derivative of j**5/60 + j**4/6 + j**3 + 37*j**2. Determine n(b).
6
Let s(n) = 6*n + 0 - 1 - n**2 - 2. Let t(m) = -m**3 + 5*m**2 - 5*m + 1. Let q be t(3). Give s(q).
5
Let f(t) = -t**3 - 5*t**2 + 7*t + 7. Let d be f(-6). Let b(m) = 4*m**2 + 2*m + d + 2*m - 3*m - m**3 + 3*m. Let g = 0 - -5. What is b(g)?
-4
Let f = 30 - 5. Suppose -f = g - 6*g. Let k(x) = x**3 - 5*x**2. Calculate k(g).
0
Let d(x) be the third derivative of 7*x**4/24 - x**3/6 - 16*x**2. Calculate d(2).
13
Let r(s) be the second derivative of -s + 0 + 1/2*s**3 - s**2. What is r(4)?
10
Let g(j) = -j**2 + 7*j - 6. Let i be g(4). Let x(k) = -k + 8. What is x(i)?
2
Let t = -19 + 15. Let k(i) = -2*i - 5. What is k(t)?
3
Let r(l) = l**3 + l - 1. Let g(t) = -7*t**3 + 5*t**2 - 7*t + 2. Let i(d) = -g(d) - 6*r(d). Calculate i(5).
9
Let d be (-13)/(-5) + (-4)/(-10). Let l = d + -1. Let y(w) = 2*w + 2 - 2*w - w**3 + l*w - w**2. Determine y(-2).
2
Let y(w) be the first derivative of -5*w**3/3 + 1. Suppose -4*b + 3*b = 0. Suppose b*g - 11 = 5*q + 4*g, 16 = -4*g. Give y(q).
-5
Let u(c) = 5*c**2 - c - 1. Let s be u(-1). Let f(p) = -5 - 1 - p**2 + 6 + 4*p. Give f(s).
-5
Let l(u) = -u**2 - 1. Suppose 0 = 2*d + d - 36. Suppose -d*a + 7*a = 5. Determine l(a).
-2
Suppose -g = 3*p + g - 16, 3*g - 13 = p. Let m(h) = h**2 - 2*h**p - 2*h + 3*h + h. What is m(-2)?
-8
Let w(v) be the second derivative of -v**5/60 + 7*v**4/24 + 5*v**3/6 - v**2/2 - 5*v. Let u(m) be the first derivative of w(m). Give u(6).
11
Let s(u) = 2 + 79*u - 81*u + 0 + 1. Calculate s(2).
-1
Let g be (-1 + 4)*(1 - 0). Let m be (1 - g)*2/4. Let d(l) be the first derivative of 8*l**3/3 - 1. Calculate d(m).
8
Let r(m) = -9*m + 5*m - 3 + 8*m + 2*m. Let i = -6 + 8. What is r(i)?
9
Let u(x) = -x + 15. Let d(y) = y**2 - y - 4. Let c be d(-3). Let h be u(c). Suppose 4*i + 4*n = 4, 3*n = 2*i - 3*i - h. Let a(r) = r**2 - 7*r + 5. What is a(i)?
-5
Let m(b) = b**2 - 4*b - 1. Let r(y) = y**2 + 2*y. Let o be r(-2). Suppose -2*t + 10 = -o*t. Determine m(t).
4
Suppose 6*r + 0 = 18. Let x(p) = -p**2 + 3*p - 2. Calculate x(r).
-2
Let z be 0 + 1 + (-2)/1. Let i(f) = -2*f - 1. Let o(u) = -7*u - 4. Let j(g) = 9*i(g) - 2*o(g). Calculate j(z).
3
Let z(q) = q. Let a be 0 + (3 - -2) + -1. Calculate z(a).
4
Let b be 30/4*4/(-6). Let w(m) = -m**2 - 3*m + 3. Calculate w(b).
-7
Suppose -18 = 3*k - 0*k. Let n(b) = -b - 5. Let d be n(k). Let v be 2*d/2 + -4. Let x(u) = -u - 4. Calculate x(v).
-1
Let v(g) = -g + 4. Let k(p) = 4*p - 13. Let r(q) = -2*k(q) - 7*v(q). What is r(-6)?
4
Let b(o) = o**3 + 6*o**2 - 8*o - 3. Let j be b(-7). Suppose -4*n - 8 = d, -j - 2 = 2*n + d. Let y(p) = -p**3 + p**2 + 2*p + 1. Give y(n).
1
Suppose -8 = -0*d + 2*d + 2*z, 5*d - 5*z = -10. Let f be 3 + d + (-6)/(-2). Let m(v) = 2*v**3 - 3*v**f - 2*v - 1 + 7*v - 4*v**2. What is m(-5)?
-1
Let s(i) be the first derivative of -i**3/3 + 3*i**2 - 2*i + 12. Calculate s(4).
6
Let z(c) = -13*c - 1. Let g be 2/(-8) + 5/4. Give z(g).
-14
Let n(t) = -6*t**2 + 3 - 5*t - t**3 + 2*t**3 + 7*t**2 + 2*t. Let z be n(-3). Let s(x) = x**3 + 6*x**2 + 2*x + 5. Determine s(z).
-7
Suppose 0 = -2*c - 4*z + 8, -5*c + 0*z + 4*z = 8. Let u(q) = 2*q + 0*q + c*q. Suppose 23 - 6 = -f + 5*v, -3*f = 4*v - 6. Determine u(f).
-4
Let c(g) = -4*g**3 + 5*g**2 + g + 10. Let j(p) = 3*p**3 - 5*p**2 - p - 9. Let u = -9 - -4. Let v(h) = u*j(h) - 4*c(h). Determine v(-5).
0
Let a(n) = -n**2 + n - 2*n**2 - 7 + 3 + n - n**3. Let r be 8/(-5 + (0 - -3)). What is a(r)?
4
Let x = -150 - -145. Let b(z) = -2*z - 1. Calculate b(x).
9
Let o(x) = -x**3 - 7*x**2 - 6*x + 3. Let s be o(-6). Let q(i) = -2*i**2 + 4*i - 2. What is q(s)?
-8
Let u(k) be the first derivative of 2*k**2 - 3. Let l = 6 - 2. Suppose -5*g + 4*c = 9, l*c + 0*c - 2 = -2*g. Determine u(g).
-4
Let l(z) be the second derivative of 5*z - 4*z**2 + 1/12*z**4 + 0 + 2/3*z**3. Determine l(-6).
4
Let q(n) = -n**2 - 17*n + 2. Let p be q(-17). Let w(c) = -2*c + 1. Calculate w(p).
-3
Let m(q) = -7 - 1 - q + 0 + 5. Suppose -n - n = 0. What is m(n)?
-3
Let c(a) = 2*a - 21. Let h be c(9). Let n(t) = 4*t - 3 + 1 + 2 + 3. Give n(h).
-9
Let s(z) = z. Let a(f) = f**3 - 3*f**2 - 7*f - 1. Let l(t) = -a(t) - 5*s(t). Let c be (12/10)/(2/5). Let m = 1 + c. What is l(m)?
-7
Let m be (4/14)/(1/7). Let x be 34/10 + 2/(-5). Let z(g) = -2 - x + 4 + 3*g. What is z(m)?
5
Let k(g) = -7*g**3 - 15*g**2 - 20*g + 5. Let x(z) = 3*z**3 + 8*z**2 + 10*z - 3. Let d(v) = -2*k(v) - 5*x(v). Determine d(-9).
14
Let t(j) = -2*j - 4. Let h be t(-4). Let a be 4/6*-3 + h. Let r(k) = 2*k**2 + 0 - 3*k**2 - a*k + 5. Give r(-4).
-3
Let k(y) = y**3 + 3*y**2 - 3*y. Let a(p) be the second derivative of -p**3/3 - 2*p**2 - 2*p. Let g be a(-6). Supp